 4*z**2 - 5*z. Suppose -12 = 13*d + 1. Let l be u(d). Let p(s) = -2*s - 8. Give p(l).
-26
Let g(j) = 4*j + 23. Let s(w) = -2*w - 12. Let o(b) = 2*b - 59. Let q be o(26). Let v(h) = q*s(h) - 3*g(h). Determine v(-5).
5
Let d(x) = -3*x + 7. Let i(y) = -2*y**2 + 5*y + 3. Let o be i(4). Let k = 11 - o. Suppose 0 = -l + 5*m + k, -4*l - 3*m = -3 - 8. Give d(l).
-8
Let d(p) = 2*p - 6 + 2*p - p - 2*p. Suppose -16*l - 8 - 56 = 0. Let c(i) = 6*i + 24. Let y be c(l). What is d(y)?
-6
Let q(t) be the second derivative of 1/6*t**3 + t**2 + t + 0. Let i = -4911 + 4902. Give q(i).
-7
Let b(r) = -27*r + 2. Let w = 4451 - 4453. What is b(w)?
56
Let z(i) = 8*i**2 - 28 + 16*i**2 - 8*i**3 + 50 + 7*i**3 + 22*i. Determine z(25).
-53
Let u(y) = -y**3 - 40*y**2 + 43*y + 87. Let g(s) = s**3 - 14*s**2 + 15*s - 67. Let h be g(13). Calculate u(h).
5
Let k(f) = 59*f**3 - f**2 - 3*f + 13. Let j(n) = 162*n**3 - 2*n**2 - 8*n + 37. Let y(u) = -4*j(u) + 11*k(u). What is y(2)?
-11
Let b(q) = -7*q + 65*q**3 - 194*q**3 + 70*q**3 + 273 + 60*q**3 - 265 - 5*q**2. Suppose -3*h - 4*n = -10, 3*n - 13 = -5*h + 11. What is b(h)?
2
Let m(x) = -x**2 - 1727 + 775 + 849 + 21*x. Determine m(9).
5
Let j(y) = 5*y - 73. Let m(n) = n. Let o(x) = -j(x) + 2*m(x). Let h be o(23). Suppose -g + 4 = 2*c, 3*g = 5*g - h*c - 40. Let b(a) = a - 16. Calculate b(g).
-4
Let x(i) = 7*i + 144. Let o be x(-20). Let z(h) = -h + 1. Let y(j) = -j + 3. Let b(d) = o*z(d) - 3*y(d). Let c be 0 + 0 + 2 + -12. Determine b(c).
5
Let y(t) = t**2 - 6. Suppose 5*p - 2*j - 65 = 0, -2*p = p - j - 40. Let k be p/(-9)*24/(-20). Suppose 4*l = -k*d + 4, -2 + 3 = -2*d + l. Give y(d).
-6
Let p(r) = 2*r**2 - 9 - r**3 + 0*r**3 + 6*r**2 - 6*r. Suppose -5*s + 2*s + o = -17, 13*o - 5*o = 32. Determine p(s).
-2
Let r(w) = w - 125*w**3 + w**2 - w**2 + 247*w**3 - 123*w**3 + 4*w**2. Let k be (4/1)/((-1)/(-2)). Suppose -3*d + 5*u - 2*u = -6, d + 5*u = k. What is r(d)?
12
Let d(n) = -27*n**2 - 19*n + 2. Let k(x) = 158*x**2 + 124*x - 13. Let r(i) = 13*d(i) + 2*k(i). Let l be (-4)/8*(-5 + 3). What is r(l)?
-34
Suppose -134 - 2682 = 88*r. Let q = 55 - 85. Let z = q - r. Let g(x) = -7*x**2 + x. Calculate g(z).
-26
Let x = 20 - 12. Suppose -5*c = 5*z + 20, z = 5*c + 3*z + x. Let p(d) = -2*d + 70*d**2 - 28 + 22 - 18*d**2 - 53*d**2 + 2*d. What is p(c)?
-6
Suppose 0*l - 2*i = -4*l + 10, -l = 2*i. Let g(k) = 1 - 1 - 1 + 3 + l*k. What is g(-5)?
-8
Let v(s) = 19*s - 9. Let a be (14/(-28))/((2/(-18))/((-40)/(-180))). Determine v(a).
10
Suppose -13*x - 14*x = 81. Suppose 0 = n - 3*n - 2. Let w(l) = 1. Let u(o) = o - 9. Let m(a) = n*u(a) - 6*w(a). Give m(x).
6
Let r(v) = 4*v**2 - 3*v - 1. Let m(d) = -d**2 - 1. Let i(u) = 2*u**3 - 78*u**2 - 2*u + 88. Let g(q) = i(q) + 6*m(q). Let l be g(42). Determine r(l).
21
Suppose 5*u + 74 = -4*k - 0*u, 3*k + 54 = -3*u. Let y be k/(-10) - 12/(-30). Let n(h) = -132*h**2 + 131*h**y + 0*h + h - 19*h**3. Give n(1).
-19
Suppose 0 = -29*m - 62*m - 455. Let w(j) = -12 + 12 + 4*j + 14. Calculate w(m).
-6
Let b(q) = 58*q**3 - 29*q**3 + 3*q**2 - 43*q**3 - 7*q**2. Calculate b(-2).
96
Suppose -9 - 27 = 4*f. Let x be (8 + f)*10/(-2). Let a(i) = -36 + 13 - 6*i + 13 + 14. Determine a(x).
-26
Let l(y) = -124*y - 35. Let n(g) = 185*g + 35. Let w(i) = -3*l(i) - 2*n(i). Determine w(13).
61
Let a(o) = -o**3 + 35 - 167*o + 72*o + 77*o + 18*o**2. Let l be a(17). Let v be (-4)/l - 244/36. Let r(z) = -z**2 - 6*z + 1. Give r(v).
-6
Let s(m) = 5*m - 156. Let k(v) = -965*v + 1961. Let j be k(2). Determine s(j).
-1
Let t(v) = 31*v + 77. Let r(s) = -44*s - 106. Let g(w) = 5*r(w) + 7*t(w). Suppose -2*c + 4 = -8. Give g(c).
-9
Let c = -774 + 783. Let p(x) = -5*x - 2. Calculate p(c).
-47
Let d(z) = z + 1. Let j be d(2). Let s be 1/((-2)/(-14)) - (-6 - -10). Let l(c) = c - 3 + 2*c**2 - 1 - c - s*c. What is l(j)?
5
Let l = -3 + 19. Let v(b) = -l*b - 2*b**2 - 2*b**2 + 19*b + 0*b**2. Suppose -2*k = -0*k - 4. Determine v(k).
-10
Let p(b) = 13*b + 110. Let h = 3154 + -3163. What is p(h)?
-7
Let g(c) be the first derivative of -c**4/4 + 4*c**3/3 + 3*c**2/2 - 7*c - 4956. Let t(i) = 4*i + 1. Let m = 0 + 1. Let q be t(m). What is g(q)?
-17
Let o(s) = -3*s**2 + 224*s - 1420. Let c be o(7). Let t(l) = 10*l**2 + 32*l - 33. Give t(c).
9
Let q = 126 - 137. Let y(s) = 3*s**2 + 26*s - 24. Let u(w) = -w**2 - 9*w + 8. Let c(n) = q*u(n) - 4*y(n). What is c(-6)?
2
Let i(t) = -654 + 689 + t + 3*t. Give i(-18).
-37
Let h(t) = 6*t**2 - 45*t + 22. Suppose 3*y + 7 = -2*i, -i - 3*y + 26 = 40. Give h(i).
1
Let w(v) be the second derivative of v**4/4 + v**3/6 - 83*v**2/2 - 147*v. Let n(h) be the first derivative of w(h). Determine n(5).
31
Let z(s) = -14*s - 32. Suppose -53*f - 94 = 65. Calculate z(f).
10
Suppose 6 = -37*s + 43*s. Let k(d) = s - 17*d - 4 - 14*d + 32*d. What is k(6)?
3
Let t(h) = -4 + h**2 - 2*h**2 + 3. Suppose 15 = 5*q - 4*a - 9, q - 4*a - 8 = 0. Suppose -8 = -0*c + q*c. Calculate t(c).
-5
Suppose 5*o = 9*o + 24. Let x(z) be the second derivative of -z**3/6 - 5*z**2 + 15*z + 1. Give x(o).
-4
Let s(w) = 19*w + 192. Let j be s(-12). Let l(v) = -v**3 - 36*v**2 - 5*v - 186. Give l(j).
-6
Let m(t) be the second derivative of -t**6/360 - t**5/60 + t**4/6 + 5*t**3/6 + 16*t**2 + 153*t. Let x(c) be the second derivative of m(c). Give x(-7).
-31
Let k(v) = 512*v - 24. Let s(f) = 73*f. Let a(g) = 4*k(g) - 28*s(g). Calculate a(23).
-4
Let a(h) = -h**2 - 5*h + 11. Suppose -427 = 34*v - 53. Calculate a(v).
-55
Let r(n) = -n + 2. Let g = 7 + -1. Suppose 2*c - 3*i + g = 0, -3*c = -3*i + 6*i + 24. Let m(y) = 2*y**3 + 12*y**2 - 2*y - 8. Let l be m(c). Give r(l).
-2
Let j be 123/4 + (-30)/(-120). Let x(g) = j + 20 - 41 - g. Determine x(7).
3
Let m = -30 + 52. Suppose 0 = 4*z - 2*k + m, -z - 33*k = -31*k + 8. Let b(l) = -l**3 - 6*l**2 + l + 8. What is b(z)?
2
Let z(g) be the second derivative of g**4/12 - 5*g**3/6 - g**2 - 7*g. Suppose 11*w + 1 = 133. Suppose -2*s = 4*f + w, -f - 4*f = -s + 29. What is z(s)?
-6
Let d(k) = -7*k + 51. Let g be d(7). Suppose 5*l + 57 = g*t, 2*t - 3*l - 18 = 41. Let v(q) = -t*q**3 + 11*q**3 + 1 + 15*q**3. Calculate v(-1).
6
Let a(j) = -j**2 + j + 2. Suppose 0 = 5*h - 3*d + 499, 4*h + 3*d + 380 = -d. Let r = h - -98. Suppose r = -n + 8*n. Calculate a(n).
2
Let t(x) be the first derivative of -3/2*x**2 + 57 + x - 2/3*x**3. Calculate t(-3).
-8
Let d(h) be the third derivative of 5*h**4/24 + 13*h**3/6 + 1798*h**2. Determine d(-4).
-7
Let j(d) be the second derivative of -d**5/20 - d**4/12 - d**3/2 + 15*d**2 + 2292*d. What is j(0)?
30
Let g(y) = -5*y + 31. Let b(m) = m - 6. Let l(d) = 11*b(d) + 2*g(d). Let r(p) = -10. Let q(t) = -l(t) + r(t). What is q(5)?
-11
Let a(c) = -21*c + 1. Let i(u) = -u**3 + 14*u**2 + 6*u - 21. Let x be i(14). Let j = x + -64. What is a(j)?
22
Let l(z) = -16*z + 55. Let s(q) = -3*q + 10. Let n(i) = 3*l(i) - 21*s(i). Give n(3).
0
Suppose -2*c + 5*a - 20 = 0, -5*a = 3*c - 4*a - 4. Let x(j) = 34*j + c*j**2 + 2 + j**2 + 0 - 30*j. Calculate x(-1).
-1
Let m(l) = -l**2 - 2*l - 4. Let n = 319 + -316. Let u be 6/6*3 - n. Determine m(u).
-4
Let j(n) = 3*n**3 - 5 + 2 + 4*n**2 - 4*n**3 - 2 + 5*n. Let r be 0/(-2*(0 + 1)). Suppose -5*f - 3*v - 10 + 47 = r, 35 = 3*f + 5*v. Give j(f).
-5
Let i(y) = 2*y**3 - 5*y**2 - y + 1. Let u be i(3). Let r(b) be the second derivative of 2*b**3/3 - 9*b**2/2 - 149*b. Give r(u).
19
Let k(m) = m**2 + 3*m + 5. Suppose -54 = -25*g + 7*g. Let i be (3*-2)/(-2) + 17. Suppose -2*n = g*n + i. Give k(n).
9
Let h(x) = x**3 - 5*x**2 + 4*x - 1. Let q(a) = a**2 - 26*a - 152. Let u be q(31). What is h(u)?
-7
Let l(j) be the first derivative of -5/2*j**2 + 1/4*j**4 + 4/3*j**3 - 143 + 2*j. Determine l(-5).
2
Suppose 80*a + q + 42 = 76*a, 5*q + 34 = -4*a. Let d(h) = h**3 + 9*h**2 - 24*h + 15. Determine d(a).
37
Let h(q) be the second derivative of q**4/3 + 5*q**3/6 + 9*q**2/2 - q + 3. Let w(u) = -17*u**2 - 20*u - 39. Let k(o) = 9*h(o) + 2*w(o). Calculate k(-3).
6
Suppose -3*o = -3*t - 63, 36 = 3*o - 2*t - 33. Let x(r) = r**3 - 27*r**2 + 2*r - 66. What is x(o)?
-12
Let t(y) = -y**2 - 3*y**3 + 5*y**3 - y**3 + 6*y**3. Let x be 6 + -9 + 4 + 4. Suppose 0 = 3*n - c + 6 - x, 0 = 5*n + 4*c + 13. Calculate t(n).
-8
Let r(i) = -3*i + 5. Let q = -961 - -963. What is r(q)?
-1
Let r(u) = u**3 - 3*u**2 - 4. Let w(v) = 4*v**2 - 17*v + 11. Let